aluate (-15 - -109) + (7 - (-6 + (-6 - -28) + 3)).
82
-4 + 14 + (8 - 7) + (-33 - 2)
-24
Calculate (20 - 3) + -1 - 13 - (-56 - -1).
58
What is -12 + 15 - (-941 + 958)?
-14
Evaluate 26 - (35 + (-34 - -18)).
7
Evaluate (-5 - 2 - (-76 - -79)) + 7 - 14.
-17
What is the value of -19 + (22 - 16) + -2 - (2 + -23)?
6
Evaluate (41 - -1) + (1 + -1 - (-381 + 378)).
45
Evaluate 71 + 25 - 97 - (-1 + -91 + -3).
94
Calculate 3 + (14 + (13 - 16) - 7) - -1.
8
What is the value of -11 - ((-10 - -15) + 10 + 6 + -8)?
-24
75 - (24 - 8) - 59
0
Calculate (-278 - -246) + 28 + -13.
-17
What is the value of -423 + 499 - (1 + -2 - -13)?
64
What is the value of -36 + (-39 - -24) - -63?
12
Calculate (-34 - -110) + -10 + -67.
-1
Evaluate -63 + 21 - (-664 + 568).
54
Evaluate 59 + (-30 - (-69 + 39) - ((1 - 3) + 3)).
58
What is -45 + 22 + 23 + -21 + -49?
-70
13 + (1 - 0) - (-105 + 428 + -409)
100
What is the value of 38 + 0 - (99 + 87 + -234)?
86
15 + 62 + 5 + -61
21
Evaluate (-5 - -13) + 799 + -822 + 2 + -17 + 2.
-28
(-20 - 15) + (-8 + 6 - (3 + 5))
-45
Evaluate (134 - 126) + 68 - 99.
-23
Evaluate 21 + (-23 - -17) + -2 + 47.
60
What is the value of (-203 - -191) + (-3 - 3) + 0 + 10 + 18?
10
What is the value of 42 + (30 - (164 + -69))?
-23
Evaluate -31 + 57 - ((-1 + 5 - -4) + 0) - -2.
20
What is 53 + -16 + -21 - 1 - -8?
23
What is the value of 271 + -264 + (19 - (-6 + (1 - -4)))?
27
Calculate (-35 - -17) + 37 - (56 + -8).
-29
What is the value of -2 + 72 + 1601 + -1643?
28
What is -2 + 57 + -391 + 344?
8
What is -11 + 0 - (-193 - (-30 - 205))?
-53
Calculate (-257 + 156 - -97) + 2 + (-2 - 0) + 55.
51
What is the value of 9 + (14 - 72 - (-6 + -3)) + 25?
-15
-10 + -3 - (27 + (-19 - -15) + -16)
-20
15 + -45 + 44 - (13 + 3)
-2
Evaluate -14 - (-13 - (-39 + 8 - 12)).
-44
Evaluate (-119 - (-147 - -97)) + 129.
60
-235 + 186 + (-1 - -66)
16
Evaluate 22 + -82 - -18 - -36.
-6
Calculate -74 + (2 - 0) - (-5 - (28 - 17) - -5).
-61
Evaluate 24 - (-85 - (-144 - 22)).
-57
Calculate 1 + (-5 + 6 - (-4 - -17 - -3)) + 14.
0
What is the value of (-10 - -3) + (7 - 39 - -34)?
-5
Evaluate (3 - (7 - 19)) + -57 + 16.
-26
-7 + 5 - (12 + (-2 - 6)) - (-52 + -3)
49
(-80 + 40 - -84) + -55 + -6
-17
(111 - (13 + 0)) + -4 + -4 + 1 + -4
87
3 - (33 - (3 + 19)) - (-5 + -52 - 0)
49
Calculate (-45 + 65 + -4 - (0 + 62)) + -1.
-47
49 - (28 - -159 - 80)
-58
Calculate -4 + (-56 - (-2 + -5)) - (-7 + -4 - -21).
-63
What is the value of (776 - 680) + -76 + 2?
22
What is the value of 6 - (-5 - (-11 - -4)) - 14 - (975 + -1068)?
83
What is -12 + -5 + -168 + 167 - -26?
8
(-28 - ((11 - 2) + 4 - 26)) + 4
-11
Calculate 592 - 614 - (2 - 1 - (-12 - -172)).
137
Calculate 75 + -83 + 73 + -105.
-40
Calculate 0 + (-16 - (9 - (30 + -13))) + 0.
-8
32 + (40 - (45 + -2))
29
Evaluate 141 + -138 - (5 - (-4 + 5 + -34)).
-35
What is ((-7 - -7) + 10 - -3) + (-70 - 3)?
-60
(-15 - -6 - -45) + (4 + -23 - -5)
22
What is 5 - ((1 - 19 - (13 + -23)) + -125)?
138
What is (-4 - (3 - 8)) + (6 - 3) + 3?
7
What is the value of 3177 - 3300 - (-3 - 12)?
-108
What is 8 + (5 - (-31 - (12 + -27)))?
29
Evaluate -10 + (-8 - -22) - (-7 + 4 + 11 - -87).
-91
What is the value of -84 - (13 + (-22 - 9))?
-66
-2 - -15 - (2 - 0 - (336 + -325) - -7)
15
Evaluate -78 - (-3 + 22 - 58).
-39
What is the value of (-2738 - -2716) + (-2 + 1 + 16 - 1)?
-8
What is the value of -30 + 17 + (-14 + 8 - (-10 - -1))?
-10
86 + -17 + -113 + 2
-42
What is the value of -1065 - -1053 - (2 - (1 + -5))?
-18
Calculate (-3 - 6 - (24 + -27)) + -15 - -4.
-17
What is the value of -6 - 36 - (-15 + (17 - 0) + 5)?
-49
What is 7 - (-3 + -20 - (42 - 18 - 15))?
39
What is (0 - 0) + (31 - (-1 - -2)) + (-90639 - -90633)?
24
What is the value of -5 + 2 - (-16 - -15 - (-37 + -2))?
-41
Evaluate (-1 - ((-1 - -7) + (57 - 68))) + -71.
-67
Calculate (-102 + -9 - -119) + (1 - 1 - -1 - 17).
-8
What is 98 - (151 + -54) - (-5 + 33)?
-27
Evaluate 3 + (-1 - (6 - -1)) - (-1664 - -1633).
26
Calculate 3 - (14 + -4 - (-5 - (-6 + 3))).
-9
What is 4 + (5 - 23) + 13 + -15?
-16
Calculate -162 - -150 - (1 - (2 - (3 + -8))).
-6
83 + (-6 - 4) + 0 + -10
63
What is (4 - 2) + (-34 - (-75 + 38))?
5
Calculate 2 + (-7 - (-2 - -10)) + 9 + -5 + 54.
45
What is -126 - (-87 + 68 - 122)?
15
Calculate 5 + -63 + (3 - (15 + -26 + 10)).
-54
Evaluate (0 - 1) + (15 + -6 - (22 - (-8 - 0))).
-22
What is the value of 13 - (4 - 13 - (2 - 6)) - -3?
21
What is -3 + 12 + (1 - 1) - (21 - -51 - 74)?
11
Evaluate 39 + (47 - (60 - 19)).
45
Evaluate (1 + -7 - (-87 + 76)) + -15.
-10
What is the value of -93 + 27 + 124 + -92?
-34
Evaluate (-1 - (73 + -17)) + 85.
28
What is 4 - (-22 - (-2 + -10 - -1)) - (3 + -2)?
14
(-63 - -26) + (-23 - (4 + (-14 - -2)))
-52
What is the value of -90 + -1 - (-21087 + 21121)?
-125
What is (-51 - (1 + -20) - (-11 + 1)) + (3 - 12)?
-31
What is 28 + 8 + -11 + 6 - (23 - 20)?
28
What is -44 - ((25 - (55 + -8)) + -1)?
-21
Evaluate (0 - -9) + -17 - -14 - -15.
21
What is the value of -5 + 0 + 535 + -488?
42
What is 90 - 83 - (-3 - -1) - 2 - 0?
7
11 - (16 + (-15 - -11) - (-5 + 40 - 7))
27
What is the value of 112 - (-17 - -32 - (-14 - (-15 + -7)))?
105
(-15 - (-4 + 2)) + -128 + 96 + 110
65
What is the value of -65 + (5 - (-8 + -8 - -6)) + -1?
-51
9 + (9 - (24 + -7 + -8 + -5 + 1))
13
Calculate 17 + 32 + -60 + 14.
3
-45 + (-7 - -23) + 26 + -7
-10
Calculate -92 - (110 + -79) - -194.
71
Evaluate (33 - -1) + -19 + (29 - 15) + 1.
30
Evaluate -117 + 6 + (-28 - -72).
-67
Calculate 4 + 58 + (15 - 19) + 20.
78
Evaluate (0 - 1) + 1 - ((-3 - 29) + 19).
13
Evaluate (8 - 22) + 40 + 7 + 8.
41
Evaluate -299 + 305 - (1 - 5).
10
Calculate 60 + 18 + -4 + (-16 - (-5 - -5)).
58
What is the value of -4 - (14 + (12 - 4) + -43)?
17
What is the value of 13 + -1 + (7 - -4) + -16 + -4 + -64?
-61
93 - 43 - 5 - 83
-38
What is the value of (-2 + 2 + -3 - (3 - 8)) + -1834 + 1821?
-11
Calculate 67 - (66 + 56 - 48).
-7
Calculate -10 - (-27 + (-14 - 38) + -13).
82
What is the value of (1 - 2 - (13 + -18 + 11)) + (1 - -80)?
74
(-2 - 0 - (6 + 1)) + -114 + -85 + 119
-89
Calculate (9 + 78 - 46) + -48.
-7
What is the value of -11 - (101 - ((17 - 9) + 17))?
-87
Calculate 94 - (25 + -3 + 173).
-101
What is -14 + 41 + -55 + 50?
22
(15 + -11 - (1 - -2) - -60) + -813 + 805
53
What is the value of (-37 - (-43 + -13)) + -11?
8
What is the value of -16 + -25 + 129 + -12 + -41?
35
What is the value of -53 - ((35 - 27) + -113)?
52
Evaluate (-1 - -1) + 1 + -2 - 0 - (-822 - -895).
-74
100 - (175 - 69) - (5 - 0)
-11
Evaluate 69 - (5 - (-4 + 4 - -7) - (-121 + 121)).
71
Evaluate (-8 + (9 - -60) - (11 - 0)) + -4.
46
Evaluate (-3 - (5 - 1)) + (-468 - -428).
-47
What is the value of (2 - -43) + (0 - 18) + -453 + 484?
58
What is the value of -43 - ((8 - 6 - 16) + 16 - (10 + 0))?
-35
Evaluate -9 - 8 - -11 - -5 - (-60 - 8).
67
What is 6 - (6 - (-3 - 19 - (-195 - -54)))?
119
What is the value of -257 - -262 - ((11 - -2) + (-4 - -4))?
-8
(616 + -674 - (-15 - (-4 + 2))) + (-1 - -12)
-34
What is the value of (8 - 3) + -5 + -2 + -164 + 84?
-82
Evaluate 2 + -28 - -8 - (-94 + 24).
52
What is -45 + 5 + (-62 - -22)?
-80
What is the value of -71 + 1 - (26 - 58 - (-22 - 16))?
-76
What is -1099 - -1103 - (-50 - 0)?
54
What is the value of 1 + 32 - (1170 + -1094) - 23?
-66
(-29 - (-4 - (-11 - -49))) + 47
60
Calculate -11 + (34 - -2) + -12 + 23 + -6.
30
What is -17 - (25 + (52 - 45))?
-49
What is the value of -33 - (103 - (180 - 12))?
32
Evaluate 5 - (-1 + -9 + 286 + -287).
16
9226 - 9236 - (-17 + 0)
7
16 - (-11 - -3) - (61 - 26)
-11
What is -33 + 60 + 84 + -110?
1
What is the value of -2 + -15 - (23 + -30 + (20 - 13))?
-17
-46 + -16 + 79 + -65
-48
Evaluate (-5 + 3 - (13 + -8)) + 1 + -41.
-47
-5 - (-24 - -10 - (1 + 1)) - (3 + -7)
15
-49 - (13 + -34 - -27)
-55
What is -11 - -2 - (2 + (-3 - -12) - 7) - -55?
42
What is the value of -89 + (-45 - -137) - ((38 - 2) + -2)?
-31
Evaluate (168 - 173 - (0 - 4)) + (2 - -6).
7
Evaluate 105 + -61 + 11 + -40.
15
Calculate (-19 - -40 - 24) + (12 - ((-5 - -2) + 10)).
2
Evaluate -43 - 11 - -52 - (-6 + 15 + 6).
-17
Evaluate -55 + 15 + -41 + 96.
15
What is the value of 26 - 12 - 55 - (-5 - -5)?
-41
Calculate 177 - (-44 + 86) - (-2 + 19).
118
What is the value of (37 - 7) + 21 + 26 + -60?
17
What is the value of -102 + 25 + (-2 + 7 + 10 - 4)?
-66
What is -9 + -111 + -34 + 86?
-68